{"id":653,"date":"2011-03-23T15:36:54","date_gmt":"2011-03-23T14:36:54","guid":{"rendered":"http:\/\/www.muelka.com\/?page_id=653"},"modified":"2011-11-16T16:57:05","modified_gmt":"2011-11-16T15:57:05","slug":"mai-tai","status":"publish","type":"page","link":"http:\/\/www.muelka.com\/?page_id=653","title":{"rendered":"Mai Tai"},"content":{"rendered":"<figure id=\"attachment_1500\" aria-describedby=\"caption-attachment-1500\" style=\"width: 150px\" class=\"wp-caption alignright\"><a href=\"https:\/\/i0.wp.com\/www.muelka.com\/wp-content\/uploads\/mai-tai.jpg\"><img loading=\"lazy\" class=\"size-thumbnail wp-image-1500\" title=\"MaiTai\" src=\"https:\/\/i2.wp.com\/www.muelka.com\/wp-content\/uploads\/mai-tai-150x150.jpg?resize=150%2C150\" alt=\"\" width=\"150\" height=\"150\" data-recalc-dims=\"1\" \/><\/a><figcaption id=\"caption-attachment-1500\" class=\"wp-caption-text\">Mai Tai<\/figcaption><\/figure>\n<p><strong>Zutaten:<\/strong><\/p>\n<p>1 unbehandelte Limette<br \/>\n6 cl brauner Rum<br \/>\n2 cl Orangenlik\u00f6r<br \/>\n2 cl Orangensaft<br \/>\n1 cl Mandelsirup<br \/>\n1 cl Zuckersirup<\/p>\n<p><strong>Zubereitung:<\/strong><\/p>\n<p>1. 3-4 Eisw\u00fcrfel in ein Glas geben.<br \/>\n2. Eine Limette achteln, in das Glas auspressen und die Schnitze danach auf die Eisw\u00fcrfel legen.<br \/>\n3. Alle Zutaten mit ein paar Eisw\u00fcrfeln zusammen shaken (~10 Sekunden).<br \/>\n4. Den Cocktailshaker durch ein Barsieb in das Glas abgie\u00dfen.<br \/>\n5. Anschlie\u00dfend den Cocktail nach Belieben garnieren (z.B. mit einer Limettenscheibe) und mit einem Strohhalm servieren.<\/p>\n","protected":false},"excerpt":{"rendered":"<p>Zutaten: 1 unbehandelte Limette 6 cl brauner Rum 2 cl Orangenlik\u00f6r 2 cl Orangensaft 1 cl Mandelsirup 1 cl Zuckersirup Zubereitung: 1. 3-4 Eisw\u00fcrfel in ein Glas geben. 2. Eine Limette achteln, in das Glas auspressen und die Schnitze danach auf die Eisw\u00fcrfel legen. 3. Alle Zutaten mit ein paar Eisw\u00fcrfeln zusammen shaken (~10 Sekunden). &hellip; <\/p>\n","protected":false},"author":1,"featured_media":0,"parent":1405,"menu_order":3,"comment_status":"open","ping_status":"open","template":"","meta":{"spay_email":""},"jetpack_likes_enabled":true,"jetpack_sharing_enabled":true,"_links":{"self":[{"href":"http:\/\/www.muelka.com\/index.php?rest_route=\/wp\/v2\/pages\/653"}],"collection":[{"href":"http:\/\/www.muelka.com\/index.php?rest_route=\/wp\/v2\/pages"}],"about":[{"href":"http:\/\/www.muelka.com\/index.php?rest_route=\/wp\/v2\/types\/page"}],"author":[{"embeddable":true,"href":"http:\/\/www.muelka.com\/index.php?rest_route=\/wp\/v2\/users\/1"}],"replies":[{"embeddable":true,"href":"http:\/\/www.muelka.com\/index.php?rest_route=%2Fwp%2Fv2%2Fcomments&post=653"}],"version-history":[{"count":3,"href":"http:\/\/www.muelka.com\/index.php?rest_route=\/wp\/v2\/pages\/653\/revisions"}],"predecessor-version":[{"id":1501,"href":"http:\/\/www.muelka.com\/index.php?rest_route=\/wp\/v2\/pages\/653\/revisions\/1501"}],"up":[{"embeddable":true,"href":"http:\/\/www.muelka.com\/index.php?rest_route=\/wp\/v2\/pages\/1405"}],"wp:attachment":[{"href":"http:\/\/www.muelka.com\/index.php?rest_route=%2Fwp%2Fv2%2Fmedia&parent=653"}],"curies":[{"name":"wp","href":"https:\/\/api.w.org\/{rel}","templated":true}]}}